{"id":48,"date":"2024-02-21T11:00:41","date_gmt":"2024-02-21T11:00:41","guid":{"rendered":"https:\/\/mindfulness.erasmus.site\/?page_id=48"},"modified":"2024-07-01T10:28:06","modified_gmt":"2024-07-01T10:28:06","slug":"more-about-mindfulness-for-integration","status":"publish","type":"page","link":"https:\/\/mindfulness.erasmus.site\/sv\/more-about-mindfulness-for-integration\/","title":{"rendered":"Mer om Mindfulness f\u00f6r integration"},"content":{"rendered":"\t\t<div data-elementor-type=\"wp-page\" data-elementor-id=\"48\" class=\"elementor elementor-48\">\n\t\t\t\t<div class=\"elementor-element elementor-element-d2c21b6 e-flex e-con-boxed e-con e-parent\" data-id=\"d2c21b6\" data-element_type=\"container\" data-e-type=\"container\">\n\t\t\t\t\t<div class=\"e-con-inner\">\n\t\t\t\t<div class=\"elementor-element elementor-element-3b3e066 elementor-widget elementor-widget-heading\" data-id=\"3b3e066\" data-element_type=\"widget\" data-e-type=\"widget\" data-widget_type=\"heading.default\">\n\t\t\t\t<div class=\"elementor-widget-container\">\n\t\t\t\t\t<h2 class=\"elementor-heading-title elementor-size-default\">Visste du?<\/h2>\t\t\t\t<\/div>\n\t\t\t\t<\/div>\n\t\t\t\t<div class=\"elementor-element elementor-element-800f6aa elementor-widget elementor-widget-text-editor\" data-id=\"800f6aa\" data-element_type=\"widget\" data-e-type=\"widget\" data-widget_type=\"text-editor.default\">\n\t\t\t\t<div class=\"elementor-widget-container\">\n\t\t\t\t\t\t\t\t\t<p><\/p><p>Majoriteten av flyktingarna uts\u00e4tts upprepade g\u00e5nger f\u00f6r stress och traumatiska h\u00e4ndelser i hemlandet och under sin resa till s\u00e4krare omr\u00e5den (Abu Suhaiban , Hiba et al., 2019). Under vidarebos\u00e4ttning m\u00f6ter de ofta arbetsl\u00f6shet,<\/p><p>ensamhet och os\u00e4kerhet kring asyl- och bos\u00e4ttningsf\u00f6rfaranden och framtiden (WHO, 2019). Dessa faktorer kan alla bidra till den relativt h\u00f6ga f\u00f6rekomsten av psykiska st\u00f6rningar hos flyktingar (WHO, 2019). Studier har visat att mindfulnessutbildning ( lektioner om tekniker f\u00f6r att lugna sinne och kropp) kopplat till kreativ produktion, tankeverksamhet och konstn\u00e4rliga aktiviteter kan leda till en h\u00f6gre niv\u00e5 av socialt engagemang och minska de negativa effekterna av stress och \u00f6ka m\u00e4nniskors f\u00f6rm\u00e5ga att h\u00e5lla sig engagerade. och fokuserad, vilket hj\u00e4lper dem att h\u00e5lla sig p\u00e5 r\u00e4tt sp\u00e5r akademiskt och undvika beteendeproblem (OECD, 2018). I Grekland, till exempel, finns det h\u00f6ga migrationshastigheter, n\u00e4stan 11 % av befolkningen \u00e4r migranter och det finns behov av st\u00f6djande \u00e5tg\u00e4rder och produkter f\u00f6r att hj\u00e4lpa migrantgrupper och de yrkesverksamma som arbetar med dem, f\u00f6r att skydda deras mentala h\u00e4lsa f\u00f6r att kunna delta i samh\u00e4llet. Flyktingar och asyls\u00f6kande har rapporterat att engagemang i konsten efter tv\u00e5ngsf\u00f6rflyttning st\u00f6dde dem i att skapa nya st\u00f6dn\u00e4tverk och utveckla praktiska f\u00e4rdigheter som var anv\u00e4ndbara f\u00f6r att hitta arbete (WHO, 2019). Hos b\u00e5de barn och vuxna flyktingar och asyls\u00f6kande har kreativa konstaktiviteter visat sig minska \u00e5ngest, depression, posttraumatiska stressyndrom och kamratproblem (Tyrer, RA; Fazel, M, 2014).<\/p>\t\t\t\t\t\t\t\t<\/div>\n\t\t\t\t<\/div>\n\t\t\t\t<div class=\"elementor-element elementor-element-8df91ea elementor-widget-divider--view-line elementor-widget elementor-widget-divider\" data-id=\"8df91ea\" data-element_type=\"widget\" data-e-type=\"widget\" data-widget_type=\"divider.default\">\n\t\t\t\t<div class=\"elementor-widget-container\">\n\t\t\t\t\t\t\t<div class=\"elementor-divider\">\n\t\t\t<span class=\"elementor-divider-separator\">\n\t\t\t\t\t\t<\/span>\n\t\t<\/div>\n\t\t\t\t\t\t<\/div>\n\t\t\t\t<\/div>\n\t\t\t\t\t<\/div>\n\t\t\t\t<\/div>\n\t\t<div class=\"elementor-element elementor-element-f04524a e-flex e-con-boxed e-con e-parent\" data-id=\"f04524a\" data-element_type=\"container\" data-e-type=\"container\">\n\t\t\t\t\t<div class=\"e-con-inner\">\n\t\t\t\t<div class=\"elementor-element elementor-element-4550898 elementor-widget elementor-widget-heading\" data-id=\"4550898\" data-element_type=\"widget\" data-e-type=\"widget\" data-widget_type=\"heading.default\">\n\t\t\t\t<div class=\"elementor-widget-container\">\n\t\t\t\t\t<h2 class=\"elementor-heading-title elementor-size-default\">Om Mindfulness f\u00f6r integration<\/h2>\t\t\t\t<\/div>\n\t\t\t\t<\/div>\n\t\t\t\t<div class=\"elementor-element elementor-element-a49162f elementor-widget elementor-widget-text-editor\" data-id=\"a49162f\" data-element_type=\"widget\" data-e-type=\"widget\" data-widget_type=\"text-editor.default\">\n\t\t\t\t<div class=\"elementor-widget-container\">\n\t\t\t\t\t\t\t\t\t<p><\/p><p>inom den kulturella och kreativa sektorn samt n\u00e4vesvararna att ta hand om migranters och flyktingars v\u00e4lbefinnande genom konst och kultur.<\/p><p>D\u00e4rf\u00f6r har vi f\u00f6r avsikt att:<\/p><ul><li>Se till att 50 st\u00f6dtj\u00e4nstarbetare i civilsamh\u00e4llets organisationer och lokala myndigheter f\u00f6rst\u00e5r flyktingars specifika psykiska behov<\/li><li>210 flyktingars mentala v\u00e4lbefinnande genom det lokala CCS: s arbete<\/li><li>\u00d6ka samh\u00e4llsengagemang och aktivt deltagande i samh\u00e4llet bland flyktingar, asyls\u00f6kande och utsatta<\/li><li>migranter<\/li><li>Uppgradera 70 CCS-proffs f\u00f6r att skapa kreativt v\u00e4lbefinnande st\u00f6djande l\u00e4romedel<\/li><li>Fr\u00e4mja social integration och m\u00e5ngfald genom konst och kreativitet till 12 lokala myndigheters bos\u00e4ttnings- och integrationsst\u00f6dtj\u00e4nster<\/li><\/ul><p><\/p>\t\t\t\t\t\t\t\t<\/div>\n\t\t\t\t<\/div>\n\t\t\t\t<div class=\"elementor-element elementor-element-e5434d2 elementor-widget-divider--view-line elementor-widget elementor-widget-divider\" data-id=\"e5434d2\" data-element_type=\"widget\" data-e-type=\"widget\" data-widget_type=\"divider.default\">\n\t\t\t\t<div class=\"elementor-widget-container\">\n\t\t\t\t\t\t\t<div class=\"elementor-divider\">\n\t\t\t<span class=\"elementor-divider-separator\">\n\t\t\t\t\t\t<\/span>\n\t\t<\/div>\n\t\t\t\t\t\t<\/div>\n\t\t\t\t<\/div>\n\t\t\t\t\t<\/div>\n\t\t\t\t<\/div>\n\t\t<div class=\"elementor-element elementor-element-06c88eb e-flex e-con-boxed e-con e-parent\" data-id=\"06c88eb\" data-element_type=\"container\" data-e-type=\"container\">\n\t\t\t\t\t<div class=\"e-con-inner\">\n\t\t<div class=\"elementor-element elementor-element-098ecf4 e-con-full e-flex e-con e-child\" data-id=\"098ecf4\" data-element_type=\"container\" data-e-type=\"container\">\n\t\t\t\t<div class=\"elementor-element elementor-element-da1b79b elementor-widget elementor-widget-heading\" data-id=\"da1b79b\" data-element_type=\"widget\" data-e-type=\"widget\" data-widget_type=\"heading.default\">\n\t\t\t\t<div class=\"elementor-widget-container\">\n\t\t\t\t\t<h2 class=\"elementor-heading-title elementor-size-default\">Mindfulness f\u00f6r Integrationsm\u00e5lgrupper<\/h2>\t\t\t\t<\/div>\n\t\t\t\t<\/div>\n\t\t\t\t<\/div>\n\t\t<div class=\"elementor-element elementor-element-84be6f1 e-con-full e-flex e-con e-child\" data-id=\"84be6f1\" data-element_type=\"container\" data-e-type=\"container\">\n\t\t\t\t<div class=\"elementor-element elementor-element-a5e8481 elementor-widget elementor-widget-text-editor\" data-id=\"a5e8481\" data-element_type=\"widget\" data-e-type=\"widget\" data-widget_type=\"text-editor.default\">\n\t\t\t\t<div class=\"elementor-widget-container\">\n\t\t\t\t\t\t\t\t\t<p>T1. Flyktingar, asyls\u00f6kande och utsatta migranter<\/p>\t\t\t\t\t\t\t\t<\/div>\n\t\t\t\t<\/div>\n\t\t\t\t<\/div>\n\t\t<div class=\"elementor-element elementor-element-50797db e-con-full e-flex e-con e-child\" data-id=\"50797db\" data-element_type=\"container\" data-e-type=\"container\">\n\t\t\t\t<div class=\"elementor-element elementor-element-5942acf elementor-widget elementor-widget-text-editor\" data-id=\"5942acf\" data-element_type=\"widget\" data-e-type=\"widget\" data-widget_type=\"text-editor.default\">\n\t\t\t\t<div class=\"elementor-widget-container\">\n\t\t\t\t\t\t\t\t\t<p>T2. St\u00f6d och nyckelarbetare, civilsamh\u00e4llets organisationer<\/p>\t\t\t\t\t\t\t\t<\/div>\n\t\t\t\t<\/div>\n\t\t\t\t<\/div>\n\t\t<div class=\"elementor-element elementor-element-37a253c e-con-full e-flex e-con e-child\" data-id=\"37a253c\" data-element_type=\"container\" data-e-type=\"container\">\n\t\t\t\t<div class=\"elementor-element elementor-element-bf20747 elementor-widget elementor-widget-text-editor\" data-id=\"bf20747\" data-element_type=\"widget\" data-e-type=\"widget\" data-widget_type=\"text-editor.default\">\n\t\t\t\t<div class=\"elementor-widget-container\">\n\t\t\t\t\t\t\t\t\t<p>T3. Lokala konstn\u00e4rer och yrkesverksamma inom den kreativa och kulturella industrin<\/p>\t\t\t\t\t\t\t\t<\/div>\n\t\t\t\t<\/div>\n\t\t\t\t<\/div>\n\t\t\t\t\t<\/div>\n\t\t\t\t<\/div>\n\t\t<div class=\"elementor-element elementor-element-bef98bf e-flex e-con-boxed e-con e-parent\" data-id=\"bef98bf\" data-element_type=\"container\" data-e-type=\"container\">\n\t\t\t\t\t<div class=\"e-con-inner\">\n\t\t\t\t<div class=\"elementor-element elementor-element-2696573 elementor-widget elementor-widget-spacer\" data-id=\"2696573\" data-element_type=\"widget\" data-e-type=\"widget\" data-widget_type=\"spacer.default\">\n\t\t\t\t<div class=\"elementor-widget-container\">\n\t\t\t\t\t\t\t<div class=\"elementor-spacer\">\n\t\t\t<div class=\"elementor-spacer-inner\"><\/div>\n\t\t<\/div>\n\t\t\t\t\t\t<\/div>\n\t\t\t\t<\/div>\n\t\t\t\t\t<\/div>\n\t\t\t\t<\/div>\n\t\t\t\t<\/div>\n\t\t","protected":false},"excerpt":{"rendered":"<p>Visste du? Majoriteten av flyktingarna uts\u00e4tts upprepade g\u00e5nger f\u00f6r stress och traumatiska h\u00e4ndelser i hemlandet och under sin resa till s\u00e4krare omr\u00e5den (Abu Suhaiban , Hiba et al., 2019). Under vidarebos\u00e4ttning m\u00f6ter de ofta arbetsl\u00f6shet, ensamhet och os\u00e4kerhet kring asyl- och bos\u00e4ttningsf\u00f6rfaranden och framtiden (WHO, 2019). Dessa faktorer kan alla bidra till den relativt h\u00f6ga&hellip;&nbsp;<a href=\"https:\/\/mindfulness.erasmus.site\/sv\/more-about-mindfulness-for-integration\/\" rel=\"bookmark\">L\u00e4s mer &raquo;<span class=\"screen-reader-text\">Mer om Mindfulness f\u00f6r integration<\/span><\/a><\/p>\n","protected":false},"author":1,"featured_media":0,"parent":0,"menu_order":0,"comment_status":"closed","ping_status":"closed","template":"","meta":{"neve_meta_sidebar":"","neve_meta_container":"","neve_meta_enable_content_width":"off","neve_meta_content_width":100,"neve_meta_title_alignment":"","neve_meta_author_avatar":"","neve_post_elements_order":"","neve_meta_disable_header":"","neve_meta_disable_footer":"","neve_meta_disable_title":"","footnotes":""},"class_list":["post-48","page","type-page","status-publish","hentry"],"_links":{"self":[{"href":"https:\/\/mindfulness.erasmus.site\/sv\/wp-json\/wp\/v2\/pages\/48","targetHints":{"allow":["GET"]}}],"collection":[{"href":"https:\/\/mindfulness.erasmus.site\/sv\/wp-json\/wp\/v2\/pages"}],"about":[{"href":"https:\/\/mindfulness.erasmus.site\/sv\/wp-json\/wp\/v2\/types\/page"}],"author":[{"embeddable":true,"href":"https:\/\/mindfulness.erasmus.site\/sv\/wp-json\/wp\/v2\/users\/1"}],"replies":[{"embeddable":true,"href":"https:\/\/mindfulness.erasmus.site\/sv\/wp-json\/wp\/v2\/comments?post=48"}],"version-history":[{"count":123,"href":"https:\/\/mindfulness.erasmus.site\/sv\/wp-json\/wp\/v2\/pages\/48\/revisions"}],"predecessor-version":[{"id":1096,"href":"https:\/\/mindfulness.erasmus.site\/sv\/wp-json\/wp\/v2\/pages\/48\/revisions\/1096"}],"wp:attachment":[{"href":"https:\/\/mindfulness.erasmus.site\/sv\/wp-json\/wp\/v2\/media?parent=48"}],"curies":[{"name":"wp","href":"https:\/\/api.w.org\/{rel}","templated":true}]}}

Mer om Mindfulness för integration

<div data-elementor-type="wp-page" data-elementor-id="48" class="elementor elementor-48">
				<div class="elementor-element elementor-element-d2c21b6 e-flex e-con-boxed e-con e-parent" data-id="d2c21b6" data-element_type="container" data-e-type="container">
					<div class="e-con-inner">
				<div class="elementor-element elementor-element-3b3e066 elementor-widget elementor-widget-heading" data-id="3b3e066" data-element_type="widget" data-e-type="widget" data-widget_type="heading.default">
				<div class="elementor-widget-container">
					<h2 class="elementor-heading-title elementor-size-default">Visste du?</h2>				</div>
				</div>
				<div class="elementor-element elementor-element-800f6aa elementor-widget elementor-widget-text-editor" data-id="800f6aa" data-element_type="widget" data-e-type="widget" data-widget_type="text-editor.default">
				<div class="elementor-widget-container">
									<p></p><p>Majoriteten av flyktingarna utsätts upprepade gånger för stress och traumatiska händelser i hemlandet och under sin resa till säkrare områden (Abu Suhaiban , Hiba et al., 2019). Under vidarebosättning möter de ofta arbetslöshet,</p><p>ensamhet och osäkerhet kring asyl- och bosättningsförfaranden och framtiden (WHO, 2019). Dessa faktorer kan alla bidra till den relativt höga förekomsten av psykiska störningar hos flyktingar (WHO, 2019). Studier har visat att mindfulnessutbildning ( lektioner om tekniker för att lugna sinne och kropp) kopplat till kreativ produktion, tankeverksamhet och konstnärliga aktiviteter kan leda till en högre nivå av socialt engagemang och minska de negativa effekterna av stress och öka människors förmåga att hålla sig engagerade. och fokuserad, vilket hjälper dem att hålla sig på rätt spår akademiskt och undvika beteendeproblem (OECD, 2018). I Grekland, till exempel, finns det höga migrationshastigheter, nästan 11 % av befolkningen är migranter och det finns behov av stödjande åtgärder och produkter för att hjälpa migrantgrupper och de yrkesverksamma som arbetar med dem, för att skydda deras mentala hälsa för att kunna delta i samhället. Flyktingar och asylsökande har rapporterat att engagemang i konsten efter tvångsförflyttning stödde dem i att skapa nya stödnätverk och utveckla praktiska färdigheter som var användbara för att hitta arbete (WHO, 2019). Hos både barn och vuxna flyktingar och asylsökande har kreativa konstaktiviteter visat sig minska ångest, depression, posttraumatiska stressyndrom och kamratproblem (Tyrer, RA; Fazel, M, 2014).</p>								</div>
				</div>
				<div class="elementor-element elementor-element-8df91ea elementor-widget-divider--view-line elementor-widget elementor-widget-divider" data-id="8df91ea" data-element_type="widget" data-e-type="widget" data-widget_type="divider.default">
				<div class="elementor-widget-container">
							<div class="elementor-divider">
			<span class="elementor-divider-separator">
						</span>
		</div>
						</div>
				</div>
					</div>
				</div>
		<div class="elementor-element elementor-element-f04524a e-flex e-con-boxed e-con e-parent" data-id="f04524a" data-element_type="container" data-e-type="container">
					<div class="e-con-inner">
				<div class="elementor-element elementor-element-4550898 elementor-widget elementor-widget-heading" data-id="4550898" data-element_type="widget" data-e-type="widget" data-widget_type="heading.default">
				<div class="elementor-widget-container">
					<h2 class="elementor-heading-title elementor-size-default">Om Mindfulness för integration</h2>				</div>
				</div>
				<div class="elementor-element elementor-element-a49162f elementor-widget elementor-widget-text-editor" data-id="a49162f" data-element_type="widget" data-e-type="widget" data-widget_type="text-editor.default">
				<div class="elementor-widget-container">
									<p></p><p>inom den kulturella och kreativa sektorn samt nävesvararna att ta hand om migranters och flyktingars välbefinnande genom konst och kultur.</p><p>Därför har vi för avsikt att:</p><ul><li>Se till att 50 stödtjänstarbetare i civilsamhällets organisationer och lokala myndigheter förstår flyktingars specifika psykiska behov</li><li>210 flyktingars mentala välbefinnande genom det lokala CCS: s arbete</li><li>Öka samhällsengagemang och aktivt deltagande i samhället bland flyktingar, asylsökande och utsatta</li><li>migranter</li><li>Uppgradera 70 CCS-proffs för att skapa kreativt välbefinnande stödjande läromedel</li><li>Främja social integration och mångfald genom konst och kreativitet till 12 lokala myndigheters bosättnings- och integrationsstödtjänster</li></ul><p></p>								</div>
				</div>
				<div class="elementor-element elementor-element-e5434d2 elementor-widget-divider--view-line elementor-widget elementor-widget-divider" data-id="e5434d2" data-element_type="widget" data-e-type="widget" data-widget_type="divider.default">
				<div class="elementor-widget-container">
							<div class="elementor-divider">
			<span class="elementor-divider-separator">
						</span>
		</div>
						</div>
				</div>
					</div>
				</div>
		<div class="elementor-element elementor-element-06c88eb e-flex e-con-boxed e-con e-parent" data-id="06c88eb" data-element_type="container" data-e-type="container">
					<div class="e-con-inner">
		<div class="elementor-element elementor-element-098ecf4 e-con-full e-flex e-con e-child" data-id="098ecf4" data-element_type="container" data-e-type="container">
				<div class="elementor-element elementor-element-da1b79b elementor-widget elementor-widget-heading" data-id="da1b79b" data-element_type="widget" data-e-type="widget" data-widget_type="heading.default">
				<div class="elementor-widget-container">
					<h2 class="elementor-heading-title elementor-size-default">Mindfulness för Integrationsmålgrupper</h2>				</div>
				</div>
				</div>
		<div class="elementor-element elementor-element-84be6f1 e-con-full e-flex e-con e-child" data-id="84be6f1" data-element_type="container" data-e-type="container">
				<div class="elementor-element elementor-element-a5e8481 elementor-widget elementor-widget-text-editor" data-id="a5e8481" data-element_type="widget" data-e-type="widget" data-widget_type="text-editor.default">
				<div class="elementor-widget-container">
									<p>T1. Flyktingar, asylsökande och utsatta migranter</p>								</div>
				</div>
				</div>
		<div class="elementor-element elementor-element-50797db e-con-full e-flex e-con e-child" data-id="50797db" data-element_type="container" data-e-type="container">
				<div class="elementor-element elementor-element-5942acf elementor-widget elementor-widget-text-editor" data-id="5942acf" data-element_type="widget" data-e-type="widget" data-widget_type="text-editor.default">
				<div class="elementor-widget-container">
									<p>T2. Stöd och nyckelarbetare, civilsamhällets organisationer</p>								</div>
				</div>
				</div>
		<div class="elementor-element elementor-element-37a253c e-con-full e-flex e-con e-child" data-id="37a253c" data-element_type="container" data-e-type="container">
				<div class="elementor-element elementor-element-bf20747 elementor-widget elementor-widget-text-editor" data-id="bf20747" data-element_type="widget" data-e-type="widget" data-widget_type="text-editor.default">
				<div class="elementor-widget-container">
									<p>T3. Lokala konstnärer och yrkesverksamma inom den kreativa och kulturella industrin</p>								</div>
				</div>
				</div>
					</div>
				</div>
		<div class="elementor-element elementor-element-bef98bf e-flex e-con-boxed e-con e-parent" data-id="bef98bf" data-element_type="container" data-e-type="container">
					<div class="e-con-inner">
				<div class="elementor-element elementor-element-2696573 elementor-widget elementor-widget-spacer" data-id="2696573" data-element_type="widget" data-e-type="widget" data-widget_type="spacer.default">
				<div class="elementor-widget-container">
							<div class="elementor-spacer">
			<div class="elementor-spacer-inner"></div>
		</div>
						</div>
				</div>
					</div>
				</div>
				</div>

<p>Visste du? Majoriteten av flyktingarna utsätts upprepade gånger för stress och traumatiska händelser i hemlandet och under sin resa till säkrare områden (Abu Suhaiban , Hiba et al., 2019). Under vidarebosättning möter de ofta arbetslöshet, ensamhet och osäkerhet kring asyl- och bosättningsförfaranden och framtiden (WHO, 2019). Dessa faktorer kan alla bidra till den relativt höga&hellip;&nbsp;<a href="https://mindfulness.erasmus.site/sv/more-about-mindfulness-for-integration/" rel="bookmark">Läs mer &raquo;<span class="screen-reader-text">Mer om Mindfulness för integration</span></a></p>
